{"id":1078,"date":"2019-08-15T12:32:27","date_gmt":"2019-08-15T10:32:27","guid":{"rendered":"https:\/\/www.ramba-zamba-schaumburg.de\/kids\/?page_id=1078"},"modified":"2025-11-25T20:13:31","modified_gmt":"2025-11-25T19:13:31","slug":"oeffnungszeiten","status":"publish","type":"page","link":"https:\/\/www.ramba-zamba-schaumburg.de\/kids\/oeffnungszeiten\/","title":{"rendered":"Sonder-\u00d6ffnungszeiten"},"content":{"rendered":"<div class=\"wpb-content-wrapper\"><p>[vc_row][vc_column]<div id=\"ultimate-heading-495569e4d37e6ec78\" class=\"uvc-heading ult-adjust-bottom-margin ultimate-heading-495569e4d37e6ec78 uvc-6415  uvc-heading-default-font-sizes\" data-hspacer=\"no_spacer\"  data-halign=\"left\" style=\"text-align:left\"><div class=\"uvc-heading-spacer no_spacer\" style=\"top\"><\/div><div class=\"uvc-main-heading ult-responsive\"  data-ultimate-target='.uvc-heading.ultimate-heading-495569e4d37e6ec78 h2'  data-responsive-json-new='{\"font-size\":\"\",\"line-height\":\"\"}' ><h2 style=\"font-weight:bold;\">Sonder-\u00d6ffnungszeiten<\/h2><\/div><div class=\"uvc-sub-heading ult-responsive\"  data-ultimate-target='.uvc-heading.ultimate-heading-495569e4d37e6ec78 .uvc-sub-heading '  data-responsive-json-new='{\"font-size\":\"\",\"line-height\":\"\"}'  style=\"font-weight:normal;margin-bottom:15px;\">Bitte beachten Sie unsere ge\u00e4nderten \u00d6ffnungszeiten w\u00e4hrend der Ferienzeit!<\/div><\/div>[vc_row_inner][vc_column_inner]<section class=\"shortcode-action-box table shortcode-action-bg plain-bg\"><div class=\"text-big\"><p><strong>Weihnachtsferien Nds. \/ NRW 2025<\/strong><\/p>\n<p>22.12. &#8211; 06.01.2026<br \/>\n<strong>11:00 &#8211; 19:00 Uhr<\/strong><\/p>\n<\/div><\/section>[\/vc_column_inner][\/vc_row_inner][\/vc_column][\/vc_row]<\/p>\n<\/div>","protected":false},"excerpt":{"rendered":"<p>[vc_row][vc_column][vc_row_inner][vc_column_inner][\/vc_column_inner][\/vc_row_inner][\/vc_column][\/vc_row]<\/p>\n","protected":false},"author":1,"featured_media":970,"parent":0,"menu_order":0,"comment_status":"closed","ping_status":"closed","template":"","meta":{"footnotes":""},"categories":[],"tags":[],"class_list":["post-1078","page","type-page","status-publish","has-post-thumbnail","hentry","description-off"],"_links":{"self":[{"href":"https:\/\/www.ramba-zamba-schaumburg.de\/kids\/wp-json\/wp\/v2\/pages\/1078","targetHints":{"allow":["GET"]}}],"collection":[{"href":"https:\/\/www.ramba-zamba-schaumburg.de\/kids\/wp-json\/wp\/v2\/pages"}],"about":[{"href":"https:\/\/www.ramba-zamba-schaumburg.de\/kids\/wp-json\/wp\/v2\/types\/page"}],"author":[{"embeddable":true,"href":"https:\/\/www.ramba-zamba-schaumburg.de\/kids\/wp-json\/wp\/v2\/users\/1"}],"replies":[{"embeddable":true,"href":"https:\/\/www.ramba-zamba-schaumburg.de\/kids\/wp-json\/wp\/v2\/comments?post=1078"}],"version-history":[{"count":23,"href":"https:\/\/www.ramba-zamba-schaumburg.de\/kids\/wp-json\/wp\/v2\/pages\/1078\/revisions"}],"predecessor-version":[{"id":1530,"href":"https:\/\/www.ramba-zamba-schaumburg.de\/kids\/wp-json\/wp\/v2\/pages\/1078\/revisions\/1530"}],"wp:featuredmedia":[{"embeddable":true,"href":"https:\/\/www.ramba-zamba-schaumburg.de\/kids\/wp-json\/wp\/v2\/media\/970"}],"wp:attachment":[{"href":"https:\/\/www.ramba-zamba-schaumburg.de\/kids\/wp-json\/wp\/v2\/media?parent=1078"}],"wp:term":[{"taxonomy":"category","embeddable":true,"href":"https:\/\/www.ramba-zamba-schaumburg.de\/kids\/wp-json\/wp\/v2\/categories?post=1078"},{"taxonomy":"post_tag","embeddable":true,"href":"https:\/\/www.ramba-zamba-schaumburg.de\/kids\/wp-json\/wp\/v2\/tags?post=1078"}],"curies":[{"name":"wp","href":"https:\/\/api.w.org\/{rel}","templated":true}]}}