{"id":630,"date":"2016-06-03T12:15:53","date_gmt":"2016-06-03T11:15:53","guid":{"rendered":"http:\/\/the7.dream-demo.com\/demo\/psy\/?page_id=2"},"modified":"2023-11-23T09:37:12","modified_gmt":"2023-11-23T08:37:12","slug":"home","status":"publish","type":"page","link":"https:\/\/www.ramba-zamba-schaumburg.de\/kids\/","title":{"rendered":"Home"},"content":{"rendered":"<div class=\"wpb-content-wrapper\"><p>[vc_row margin_top=&#8220;-50px&#8220; margin_bottom=&#8220;-100px&#8220; css=&#8220;.vc_custom_1511424827233{margin-bottom: 20px !important;}&#8220; anchor=&#8220;welcome&#8220;][vc_column]<div id=\"ultimate-heading-128969f5b5bf68c18\" class=\"uvc-heading ult-adjust-bottom-margin ultimate-heading-128969f5b5bf68c18 uvc-2449 \" data-hspacer=\"no_spacer\"  data-halign=\"left\" style=\"text-align:left\"><div class=\"uvc-heading-spacer no_spacer\" style=\"top\"><\/div><div class=\"uvc-main-heading ult-responsive\"  data-ultimate-target='.uvc-heading.ultimate-heading-128969f5b5bf68c18 h3'  data-responsive-json-new='{\"font-size\":\"desktop:30px;\",\"line-height\":\"desktop:40px;\"}' ><h3 style=\"font-family:&#039;Raleway&#039;;font-weight:600;margin-bottom:20px;\">Willkommen im Ramba Zamba Kids Schaumburg!<\/h3><\/div><\/div>[vc_row_inner][vc_column_inner][vc_column_text css=&#8220;.vc_custom_1509357680022{padding-bottom: 30px !important;}&#8220;]An 365 Tagen im Jahr k\u00f6nnt ihr v\u00f6llig unabh\u00e4ngig von Wind und Wetter nach Herzenslust toben, spielen, entdecken, erobern, klettern, rutschen, h\u00fcpfen, krabbeln und lernen, Freunde treffen und neue Spielkameraden kennenlernen, coole Kindergeburtstage und Parties feiern.<\/p>\n<p>Worauf wartet ihr noch? Autos auf den kostenlosen Parkpl\u00e4tzen abstellen, rein ins Ramba Zamba, gro\u00dfe Augen bekommen, Schuhe aus, Socken an, Eltern im Bistro abgeben oder mitspielen lassen und los geht\u2018s zum unbegrenzten sicheren Spielvergn\u00fcgen auf \u00fcber 2.000 qm.[\/vc_column_text][\/vc_column_inner][\/vc_row_inner][vc_row_inner][vc_column_inner offset=&#8220;vc_col-lg-offset-0 vc_col-md-offset-0 vc_col-sm-offset-0&#8243;][vc_basic_grid post_type=&#8220;page&#8220; max_items=&#8220;10&#8243; item=&#8220;712&#8243; grid_id=&#8220;vc_gid:1700728594525-48dad462-b018-0&#8243; taxonomies=&#8220;25&#8243;][\/vc_column_inner][\/vc_row_inner]<div class=\"ult-spacer spacer-69f5b5bf68cd1\" data-id=\"69f5b5bf68cd1\" data-height=\"25\" data-height-mobile=\"25\" data-height-tab=\"25\" data-height-tab-portrait=\"\" data-height-mobile-landscape=\"\" style=\"clear:both;display:block;\"><\/div>[\/vc_column][\/vc_row][vc_row type=&#8220;4&#8243; margin_top=&#8220;-50px&#8220; margin_bottom=&#8220;0px&#8220; padding_top=&#8220;40px&#8220; padding_bottom=&#8220;75px&#8220; bg_color=&#8220;#1d5629&#8243; css=&#8220;.vc_custom_1663699037530{margin-bottom: -30px !important;}&#8220;][vc_column]<div class=\"templatera_shortcode\"><div class=\"vc_row wpb_row vc_row-fluid vc_custom_1662821961970\"><div class=\"wpb_column vc_column_container vc_col-sm-12\"><div class=\"vc_column-inner\"><div class=\"wpb_wrapper\"><div class=\"vc_row wpb_row vc_inner vc_row-fluid\"><div class=\"wpb_column vc_column_container vc_col-sm-12\"><div class=\"vc_column-inner\"><div class=\"wpb_wrapper\"><div class=\"dt-fancy-separator title-left text-big accent-border-color\" style=\"width: 100%;\"><div class=\"dt-fancy-title bg-on\" style=\"color: #ffffff;\"><span class=\"separator-holder separator-left\"><\/span>Elterninfo<span class=\"separator-holder separator-right\"><\/span><\/div><\/div><div class=\"ult-spacer spacer-69f5b5bf6abf5\" data-id=\"69f5b5bf6abf5\" data-height=\"50\" data-height-mobile=\"35\" data-height-tab=\"50\" data-height-tab-portrait=\"50\" data-height-mobile-landscape=\"35\" style=\"clear:both;display:block;\"><\/div><section id=\"benefits-grid-1\" class=\"benefits-grid wf-container benefits-style-one icons-bg accent-bg light-hover-bg custom-icon-color light-icon-hover-color\" data-width=\"180px\" data-columns=\"3\"><style type=\"text\/css\">#benefits-grid-1.icons-bg .benefits-grid-ico { height: 40px; line-height: 40px; width: 40px;-webkit-border-radius: 20px;-moz-border-radius: 20px;-ms-border-radius: 20px;-o-border-radius: 20px;border-radius: 20px; }#benefits-grid-1.icons-bg .benefits-grid-ico > i { font-size: 20px; line-height: 40px; }#benefits-grid-1.custom-icon-color .benefits-grid-ico > i,\n\t\t\t\t\t#benefits-grid-1.custom-icon-color .benefits-grid-ico > i:before { color: #ffffff; }<\/style><div class=\"wf-cell\"><div><div class=\"text-big\"><div class=\"wf-table\"><div class=\"wf-td\"><span class=\"benefits-grid-ico\"><i class=\"fa fa-car\"><\/i><\/span><\/div><div class=\"wf-td\"><h6>Kostenlose Parkpl\u00e4tze<\/h6><\/div><\/div><\/div><\/div><\/div><div class=\"wf-cell\"><div><div class=\"text-big\"><div class=\"wf-table\"><div class=\"wf-td\"><span class=\"benefits-grid-ico\"><i class=\"fa icon-newspaper\"><\/i><\/span><\/div><div class=\"wf-td\"><h6>Aktuelle Zeitschriften<\/h6><\/div><\/div><\/div><\/div><\/div><div class=\"wf-cell\"><div><div class=\"text-big\"><div class=\"wf-table\"><div class=\"wf-td\"><span class=\"benefits-grid-ico\"><i class=\"fa icon-signal\"><\/i><\/span><\/div><div class=\"wf-td\"><h6>Freies WLAN<\/h6><\/div><\/div><\/div><\/div><\/div><div class=\"wf-cell\"><div><div class=\"text-big\"><div class=\"wf-table\"><div class=\"wf-td\"><span class=\"benefits-grid-ico\"><i class=\"fa icon-archive\"><\/i><\/span><\/div><div class=\"wf-td\"><h6>Wertschlie\u00dff\u00e4cher kostenfrei<\/h6><\/div><\/div><\/div><\/div><\/div><div class=\"wf-cell\"><div><div class=\"text-big\"><div class=\"wf-table\"><div class=\"wf-td\"><span class=\"benefits-grid-ico\"><i class=\"fa icon-coffee\"><\/i><\/span><\/div><div class=\"wf-td\"><h6>Gem\u00fctlicher Loungebereich<\/h6><\/div><\/div><\/div><\/div><\/div><div class=\"wf-cell\"><div><div class=\"text-big\"><div class=\"wf-table\"><div class=\"wf-td\"><span class=\"benefits-grid-ico\"><i class=\"fa fa-universal-access\"><\/i><\/span><\/div><div class=\"wf-td\"><h6>Wickelraum<\/h6><\/div><\/div><\/div><\/div><\/div><div class=\"wf-cell\"><div><div class=\"text-big\"><div class=\"wf-table\"><div class=\"wf-td\"><span class=\"benefits-grid-ico\"><i class=\"fa fa-wheelchair\"><\/i><\/span><\/div><div class=\"wf-td\"><h6>Kinderwagen\/ Behindertengerecht<\/h6><\/div><\/div><\/div><\/div><\/div><\/section><div class=\"ult-spacer spacer-69f5b5bf6d2a3\" data-id=\"69f5b5bf6d2a3\" data-height=\"32\" data-height-mobile=\"32\" data-height-tab=\"32\" data-height-tab-portrait=\"\" data-height-mobile-landscape=\"\" style=\"clear:both;display:block;\"><\/div><div class=\"hr-thin style-line\" style=\"width: 100%;border-top-width: 1px;\"><\/div><\/div><\/div><\/div><\/div><\/div><\/div><\/div><\/div><!-- Row Backgrounds --><div class=\"upb_color\" data-bg-override=\"ex-full\" data-bg-color=\"#1d5629\" data-fadeout=\"\" data-fadeout-percentage=\"30\" data-parallax-content=\"\" data-parallax-content-sense=\"30\" data-row-effect-mobile-disable=\"true\" data-img-parallax-mobile-disable=\"true\" data-rtl=\"false\"  data-custom-vc-row=\"\"  data-vc=\"8.7.2\"  data-is_old_vc=\"\"  data-theme-support=\"\"   data-overlay=\"false\" data-overlay-color=\"\" data-overlay-pattern=\"\" data-overlay-pattern-opacity=\"\" data-overlay-pattern-size=\"\"    ><\/div>\r\n<\/div><div class=\"ult-spacer spacer-69f5b5bf6d7ef\" data-id=\"69f5b5bf6d7ef\" data-height=\"25\" data-height-mobile=\"25\" data-height-tab=\"25\" data-height-tab-portrait=\"\" data-height-mobile-landscape=\"\" style=\"clear:both;display:block;\"><\/div>[vc_row_inner css=&#8220;.vc_custom_1700728193065{border-left-width: 5px !important;padding-top: 5px !important;padding-right: 5px !important;padding-bottom: 5px !important;background-color: #9bc97e !important;border-left-style: solid !important;border-radius: 5px !important;}&#8220;][vc_column_inner width=&#8220;1\/3&#8243;][vc_single_image image=&#8220;1439&#8243; img_size=&#8220;full&#8220; add_caption=&#8220;yes&#8220; onclick=&#8220;link_image&#8220;][\/vc_column_inner][vc_column_inner width=&#8220;2\/3&#8243;]<section class=\"shortcode-action-box table shortcode-action-bg plain-bg\"><div class=\"\"><p><span style=\"color: #1d5629;\"><strong>HINWEIS<\/strong><\/span><br \/>\n<span style=\"color: #1d5629;\">Bitte bringen Sie Ihren Kindern aus hygienischen Gr\u00fcnden Socken od. Rutschesocken mit!<\/span><br \/>\n<span style=\"color: #1d5629;\"><strong>Der Verzehr von mitgebrachten Speisen und Getr\u00e4nken ist nicht gestattet!<\/strong><\/span><\/p>\n<p><span style=\"color: #1d5629;\">Bitte haben Sie Verst\u00e4ndnis daf\u00fcr, dass <strong>Minderj\u00e4hrige nur in Begleitung<\/strong> von Erwachsenen unsere Indoorwelt besuchen d\u00fcrfen!<\/span><\/p>\n<\/div><\/section>[\/vc_column_inner][\/vc_row_inner][\/vc_column][\/vc_row]<\/p>\n<\/div>","protected":false},"excerpt":{"rendered":"<p>Willkommen im Ramba Zamba Kids Schaumburg! An 365 Tagen im Jahr k\u00f6nnt ihr v\u00f6llig unabh\u00e4ngig von Wind und Wetter nach Herzenslust toben, spielen, entdecken, erobern, klettern, rutschen, h\u00fcpfen, krabbeln und&hellip;<\/p>\n","protected":false},"author":1,"featured_media":0,"parent":0,"menu_order":0,"comment_status":"closed","ping_status":"closed","template":"","meta":{"footnotes":""},"categories":[],"tags":[],"class_list":["post-630","page","type-page","status-publish","hentry","description-off"],"_links":{"self":[{"href":"https:\/\/www.ramba-zamba-schaumburg.de\/kids\/wp-json\/wp\/v2\/pages\/630","targetHints":{"allow":["GET"]}}],"collection":[{"href":"https:\/\/www.ramba-zamba-schaumburg.de\/kids\/wp-json\/wp\/v2\/pages"}],"about":[{"href":"https:\/\/www.ramba-zamba-schaumburg.de\/kids\/wp-json\/wp\/v2\/types\/page"}],"author":[{"embeddable":true,"href":"https:\/\/www.ramba-zamba-schaumburg.de\/kids\/wp-json\/wp\/v2\/users\/1"}],"replies":[{"embeddable":true,"href":"https:\/\/www.ramba-zamba-schaumburg.de\/kids\/wp-json\/wp\/v2\/comments?post=630"}],"version-history":[{"count":8,"href":"https:\/\/www.ramba-zamba-schaumburg.de\/kids\/wp-json\/wp\/v2\/pages\/630\/revisions"}],"predecessor-version":[{"id":1445,"href":"https:\/\/www.ramba-zamba-schaumburg.de\/kids\/wp-json\/wp\/v2\/pages\/630\/revisions\/1445"}],"wp:attachment":[{"href":"https:\/\/www.ramba-zamba-schaumburg.de\/kids\/wp-json\/wp\/v2\/media?parent=630"}],"wp:term":[{"taxonomy":"category","embeddable":true,"href":"https:\/\/www.ramba-zamba-schaumburg.de\/kids\/wp-json\/wp\/v2\/categories?post=630"},{"taxonomy":"post_tag","embeddable":true,"href":"https:\/\/www.ramba-zamba-schaumburg.de\/kids\/wp-json\/wp\/v2\/tags?post=630"}],"curies":[{"name":"wp","href":"https:\/\/api.w.org\/{rel}","templated":true}]}}